{"id":2209,"date":"2022-11-27T13:38:16","date_gmt":"2022-11-27T11:38:16","guid":{"rendered":"https:\/\/test.reismann.de\/?page_id=2209"},"modified":"2022-12-30T14:48:12","modified_gmt":"2022-12-30T12:48:12","slug":"jahrgang-1963","status":"publish","type":"page","link":"https:\/\/reismann.de\/?page_id=2209","title":{"rendered":"Jahrgang 1963"},"content":{"rendered":"\t\t<div data-elementor-type=\"wp-page\" data-elementor-id=\"2209\" class=\"elementor elementor-2209\">\n\t\t\t\t\t\t<section class=\"elementor-section elementor-top-section elementor-element elementor-element-28decb9 elementor-section-boxed elementor-section-height-default elementor-section-height-default\" data-id=\"28decb9\" data-element_type=\"section\" data-e-type=\"section\">\n\t\t\t\t\t\t<div class=\"elementor-container elementor-column-gap-default\">\n\t\t\t\t\t<div class=\"elementor-column elementor-col-100 elementor-top-column elementor-element elementor-element-78a2fc2\" data-id=\"78a2fc2\" data-element_type=\"column\" data-e-type=\"column\">\n\t\t\t<div class=\"elementor-widget-wrap elementor-element-populated\">\n\t\t\t\t\t\t<div class=\"elementor-element elementor-element-7c19974 elementor-widget elementor-widget-heading\" data-id=\"7c19974\" data-element_type=\"widget\" data-e-type=\"widget\" data-widget_type=\"heading.default\">\n\t\t\t\t<div class=\"elementor-widget-container\">\n\t\t\t\t\t<h2 class=\"elementor-heading-title elementor-size-large\">Jahrgang 1963<\/h2>\t\t\t\t<\/div>\n\t\t\t\t<\/div>\n\t\t\t\t\t<\/div>\n\t\t<\/div>\n\t\t\t\t\t<\/div>\n\t\t<\/section>\n\t\t\t\t<section class=\"elementor-section elementor-top-section elementor-element elementor-element-44acbf3 elementor-section-boxed elementor-section-height-default elementor-section-height-default\" data-id=\"44acbf3\" data-element_type=\"section\" data-e-type=\"section\">\n\t\t\t\t\t\t<div class=\"elementor-container elementor-column-gap-default\">\n\t\t\t\t\t<div class=\"elementor-column elementor-col-33 elementor-top-column elementor-element elementor-element-19192e4\" data-id=\"19192e4\" data-element_type=\"column\" data-e-type=\"column\">\n\t\t\t<div class=\"elementor-widget-wrap elementor-element-populated\">\n\t\t\t\t\t\t<div class=\"elementor-element elementor-element-fe50351 elementor-widget elementor-widget-text-editor\" data-id=\"fe50351\" data-element_type=\"widget\" data-e-type=\"widget\" data-widget_type=\"text-editor.default\">\n\t\t\t\t<div class=\"elementor-widget-container\">\n\t\t\t\t\t\t\t\t\t<p><strong>Jah<\/strong><b>rgang 1963 OIm<\/b><\/p><p>Alewelt, Wolfgang<br \/>Ander, Michael\u00a0<br \/>Brummel, Hans-Peter\u00a0<br \/>Buschmeyer, Volker\u00a0<br \/>Dirksmeyer, Anton<br \/>Grotheguth, Hermann<br \/>Hengst, Hans-Peter<br \/>Kramer, Paul<br \/>L\u00fccke, Roland<br \/>Mathias, Wolfgang<br \/>M\u00fcller, Friedhelm<br \/>Pl\u00f6ger, Karl-Theo<br \/>Schlutow, Hans<br \/>Schmidt, Udo<\/p>\t\t\t\t\t\t\t\t<\/div>\n\t\t\t\t<\/div>\n\t\t\t\t\t<\/div>\n\t\t<\/div>\n\t\t\t\t<div class=\"elementor-column elementor-col-33 elementor-top-column elementor-element elementor-element-7ee6544\" data-id=\"7ee6544\" data-element_type=\"column\" data-e-type=\"column\">\n\t\t\t<div class=\"elementor-widget-wrap elementor-element-populated\">\n\t\t\t\t\t\t<div class=\"elementor-element elementor-element-92d0ee6 elementor-widget elementor-widget-text-editor\" data-id=\"92d0ee6\" data-element_type=\"widget\" data-e-type=\"widget\" data-widget_type=\"text-editor.default\">\n\t\t\t\t<div class=\"elementor-widget-container\">\n\t\t\t\t\t\t\t\t\t<p><strong>Jahrgang 1963 OIs1\/2\u00a0<\/strong><\/p><p>Ahlers, Peter<br \/>Algermissen, Heinz<br \/>Bachmann, Thomas<br \/>Bechthold, Dietmar<br \/>Beinig, Bernd<br \/>Blome, Friedrich<br \/>Bonzel, Tassilo<br \/>Cremer, Ingo<br \/>Friedrich, Harald<br \/>Gebauer, Heinz-Peter<br \/>Groeben, Norbert<br \/>Hesse, Bruno<br \/>Hoffmann, Manfred<br \/>H\u00fclsmann, Helmut<br \/>H\u00fcsing, Rolf<\/p>\t\t\t\t\t\t\t\t<\/div>\n\t\t\t\t<\/div>\n\t\t\t\t\t<\/div>\n\t\t<\/div>\n\t\t\t\t<div class=\"elementor-column elementor-col-33 elementor-top-column elementor-element elementor-element-d28e9b0\" data-id=\"d28e9b0\" data-element_type=\"column\" data-e-type=\"column\">\n\t\t\t<div class=\"elementor-widget-wrap elementor-element-populated\">\n\t\t\t\t\t\t<div class=\"elementor-element elementor-element-1cc0d98 elementor-widget elementor-widget-text-editor\" data-id=\"1cc0d98\" data-element_type=\"widget\" data-e-type=\"widget\" data-widget_type=\"text-editor.default\">\n\t\t\t\t<div class=\"elementor-widget-container\">\n\t\t\t\t\t\t\t\t\t<p>\u00a0<\/p><p>Klein, Ferdinand<br \/>Kristkoizt, Uwe<br \/>K\u00fchn, Edgar<br \/>Laas, Henner<br \/>Martini, Reinhard<br \/>M\u00fcller, Wolfgang<br \/>Petersen, Peter<br \/>R\u00fcsing, Franz<br \/>Salmen, Rudolf<br \/>Schl\u00fcter, Rolf<br \/>Schneeberg, Horst<br \/>Stecher, Lambert<br \/>Strake, G\u00fcnther\u00a0<br \/>W\u00e4chter, Udo<\/p>\t\t\t\t\t\t\t\t<\/div>\n\t\t\t\t<\/div>\n\t\t\t\t\t<\/div>\n\t\t<\/div>\n\t\t\t\t\t<\/div>\n\t\t<\/section>\n\t\t\t\t<section class=\"elementor-section elementor-top-section elementor-element elementor-element-e90cddd elementor-section-boxed elementor-section-height-default elementor-section-height-default\" data-id=\"e90cddd\" data-element_type=\"section\" data-e-type=\"section\">\n\t\t\t\t\t\t<div class=\"elementor-container elementor-column-gap-default\">\n\t\t\t\t\t<div class=\"elementor-column elementor-col-50 elementor-top-column elementor-element elementor-element-74a7670\" data-id=\"74a7670\" data-element_type=\"column\" data-e-type=\"column\">\n\t\t\t<div class=\"elementor-widget-wrap elementor-element-populated\">\n\t\t\t\t\t\t<div class=\"elementor-element elementor-element-6fcc67f elementor-widget elementor-widget-heading\" data-id=\"6fcc67f\" data-element_type=\"widget\" data-e-type=\"widget\" data-widget_type=\"heading.default\">\n\t\t\t\t<div class=\"elementor-widget-container\">\n\t\t\t\t\t<h2 class=\"elementor-heading-title elementor-size-default\">\u00dcbersicht<\/h2>\t\t\t\t<\/div>\n\t\t\t\t<\/div>\n\t\t\t\t<div class=\"elementor-element elementor-element-d80c519 elementor-widget elementor-widget-text-editor\" data-id=\"d80c519\" data-element_type=\"widget\" data-e-type=\"widget\" data-widget_type=\"text-editor.default\">\n\t\t\t\t<div class=\"elementor-widget-container\">\n\t\t\t\t\t\t\t\t\t<ul><li><a href=\"https:\/\/reismann.de\/reismann_sites\/jahrgang_63.htm#br1\">50-Jahrfeier der OIm am 9.03.2013<\/a><\/li><\/ul>\t\t\t\t\t\t\t\t<\/div>\n\t\t\t\t<\/div>\n\t\t\t\t\t<\/div>\n\t\t<\/div>\n\t\t\t\t<div class=\"elementor-column elementor-col-50 elementor-top-column elementor-element elementor-element-d2c65f1\" data-id=\"d2c65f1\" data-element_type=\"column\" data-e-type=\"column\">\n\t\t\t<div class=\"elementor-widget-wrap elementor-element-populated\">\n\t\t\t\t\t\t<div class=\"elementor-element elementor-element-864227b elementor-align-center elementor-widget elementor-widget-button\" data-id=\"864227b\" data-element_type=\"widget\" data-e-type=\"widget\" data-widget_type=\"button.default\">\n\t\t\t\t<div class=\"elementor-widget-container\">\n\t\t\t\t\t\t\t\t\t<div class=\"elementor-button-wrapper\">\n\t\t\t\t\t<a class=\"elementor-button elementor-button-link elementor-size-sm\" href=\"https:\/\/test.reismann.de\/?page_id=839\">\n\t\t\t\t\t\t<span class=\"elementor-button-content-wrapper\">\n\t\t\t\t\t\t\t\t\t<span class=\"elementor-button-text\">Zur\u00fcck zur Jahrgangs\u00fcbersicht<\/span>\n\t\t\t\t\t<\/span>\n\t\t\t\t\t<\/a>\n\t\t\t\t<\/div>\n\t\t\t\t\t\t\t\t<\/div>\n\t\t\t\t<\/div>\n\t\t\t\t\t<\/div>\n\t\t<\/div>\n\t\t\t\t\t<\/div>\n\t\t<\/section>\n\t\t\t\t<section class=\"elementor-section elementor-top-section elementor-element elementor-element-490a946 elementor-section-boxed elementor-section-height-default elementor-section-height-default\" data-id=\"490a946\" data-element_type=\"section\" data-e-type=\"section\">\n\t\t\t\t\t\t<div class=\"elementor-container elementor-column-gap-default\">\n\t\t\t\t\t<div class=\"elementor-column elementor-col-100 elementor-top-column elementor-element elementor-element-d486fa9\" data-id=\"d486fa9\" data-element_type=\"column\" data-e-type=\"column\">\n\t\t\t<div class=\"elementor-widget-wrap elementor-element-populated\">\n\t\t\t\t\t\t<div class=\"elementor-element elementor-element-caf2f2f elementor-widget-divider--view-line elementor-widget elementor-widget-divider\" data-id=\"caf2f2f\" data-element_type=\"widget\" data-e-type=\"widget\" data-widget_type=\"divider.default\">\n\t\t\t\t<div class=\"elementor-widget-container\">\n\t\t\t\t\t\t\t<div class=\"elementor-divider\">\n\t\t\t<span class=\"elementor-divider-separator\">\n\t\t\t\t\t\t<\/span>\n\t\t<\/div>\n\t\t\t\t\t\t<\/div>\n\t\t\t\t<\/div>\n\t\t\t\t<div class=\"elementor-element elementor-element-e1ec7a5 elementor-widget elementor-widget-heading\" data-id=\"e1ec7a5\" data-element_type=\"widget\" data-e-type=\"widget\" data-widget_type=\"heading.default\">\n\t\t\t\t<div class=\"elementor-widget-container\">\n\t\t\t\t\t<h2 class=\"elementor-heading-title elementor-size-default\">50-Jahrfeier der OIm am 9.03.2013<\/h2>\t\t\t\t<\/div>\n\t\t\t\t<\/div>\n\t\t\t\t\t<\/div>\n\t\t<\/div>\n\t\t\t\t\t<\/div>\n\t\t<\/section>\n\t\t\t\t<section class=\"elementor-section elementor-top-section elementor-element elementor-element-6402e12 elementor-section-boxed elementor-section-height-default elementor-section-height-default\" data-id=\"6402e12\" data-element_type=\"section\" data-e-type=\"section\">\n\t\t\t\t\t\t<div class=\"elementor-container elementor-column-gap-default\">\n\t\t\t\t\t<div class=\"elementor-column elementor-col-100 elementor-top-column elementor-element elementor-element-42cc543\" data-id=\"42cc543\" data-element_type=\"column\" data-e-type=\"column\">\n\t\t\t<div class=\"elementor-widget-wrap elementor-element-populated\">\n\t\t\t\t\t\t<div class=\"elementor-element elementor-element-680bab4 elementor-widget elementor-widget-image\" data-id=\"680bab4\" data-element_type=\"widget\" data-e-type=\"widget\" data-widget_type=\"image.default\">\n\t\t\t\t<div class=\"elementor-widget-container\">\n\t\t\t\t\t\t\t\t\t\t\t\t\t\t\t<img fetchpriority=\"high\" decoding=\"async\" width=\"1024\" height=\"768\" src=\"https:\/\/reismann.de\/wp-content\/uploads\/2022\/11\/2013_2g-1024x768.jpg\" class=\"attachment-large size-large wp-image-2214\" alt=\"\" srcset=\"https:\/\/reismann.de\/wp-content\/uploads\/2022\/11\/2013_2g-1024x768.jpg 1024w, https:\/\/reismann.de\/wp-content\/uploads\/2022\/11\/2013_2g-300x225.jpg 300w, https:\/\/reismann.de\/wp-content\/uploads\/2022\/11\/2013_2g-768x576.jpg 768w, https:\/\/reismann.de\/wp-content\/uploads\/2022\/11\/2013_2g.jpg 1440w\" sizes=\"(max-width: 1024px) 100vw, 1024px\" \/>\t\t\t\t\t\t\t\t\t\t\t\t\t\t\t<\/div>\n\t\t\t\t<\/div>\n\t\t\t\t<div class=\"elementor-element elementor-element-46c0fe2 elementor-widget elementor-widget-text-editor\" data-id=\"46c0fe2\" data-element_type=\"widget\" data-e-type=\"widget\" data-widget_type=\"text-editor.default\">\n\t\t\t\t<div class=\"elementor-widget-container\">\n\t\t\t\t\t\t\t\t\t<p>2013 v.l. Hermann Schmitz, Wolfgang Hederer, Roland L\u00fccke, Wolfgang Alewelt, Friedhelm M\u00fcller, Peter-Paul Willeke, Heinz Wapelhorst, Volker Buschmeyer, Hans Austenfeld (Lehrer), Wolfgang Mathias, Hans-Peter Hengst, Hans Schlutow, Herbert Fritzenk\u00f6tter (Klassenlehrer), Paul Kramer<\/p>\t\t\t\t\t\t\t\t<\/div>\n\t\t\t\t<\/div>\n\t\t\t\t\t<\/div>\n\t\t<\/div>\n\t\t\t\t\t<\/div>\n\t\t<\/section>\n\t\t\t\t<section class=\"elementor-section elementor-top-section elementor-element elementor-element-7b46e4f elementor-section-boxed elementor-section-height-default elementor-section-height-default\" data-id=\"7b46e4f\" data-element_type=\"section\" data-e-type=\"section\">\n\t\t\t\t\t\t<div class=\"elementor-container elementor-column-gap-default\">\n\t\t\t\t\t<div class=\"elementor-column elementor-col-100 elementor-top-column elementor-element elementor-element-d5bc1c9\" data-id=\"d5bc1c9\" data-element_type=\"column\" data-e-type=\"column\">\n\t\t\t<div class=\"elementor-widget-wrap elementor-element-populated\">\n\t\t\t\t\t\t<div class=\"elementor-element elementor-element-0f3881c elementor-widget elementor-widget-image\" data-id=\"0f3881c\" data-element_type=\"widget\" data-e-type=\"widget\" data-widget_type=\"image.default\">\n\t\t\t\t<div class=\"elementor-widget-container\">\n\t\t\t\t\t\t\t\t\t\t\t\t\t\t\t<img decoding=\"async\" width=\"1024\" height=\"630\" src=\"https:\/\/reismann.de\/wp-content\/uploads\/2022\/11\/1963g-1024x630.jpg\" class=\"attachment-large size-large wp-image-2215\" alt=\"\" srcset=\"https:\/\/reismann.de\/wp-content\/uploads\/2022\/11\/1963g-1024x630.jpg 1024w, https:\/\/reismann.de\/wp-content\/uploads\/2022\/11\/1963g-300x185.jpg 300w, https:\/\/reismann.de\/wp-content\/uploads\/2022\/11\/1963g-768x473.jpg 768w, https:\/\/reismann.de\/wp-content\/uploads\/2022\/11\/1963g.jpg 1440w\" sizes=\"(max-width: 1024px) 100vw, 1024px\" \/>\t\t\t\t\t\t\t\t\t\t\t\t\t\t\t<\/div>\n\t\t\t\t<\/div>\n\t\t\t\t<div class=\"elementor-element elementor-element-5902687 elementor-widget elementor-widget-text-editor\" data-id=\"5902687\" data-element_type=\"widget\" data-e-type=\"widget\" data-widget_type=\"text-editor.default\">\n\t\t\t\t<div class=\"elementor-widget-container\">\n\t\t\t\t\t\t\t\t\t<p>1963 v.l. Roland L\u00fccke, Volker Buschmeyer, Friedhelm M\u00fcller, Paul Kramer, Sigmar Sonnenberg, Hermann Schmitz, Hans Schlutow, Peter-Paul Willeke, Udo Schmidt, Wolfgang Mathias, Hans-Peter Hengst, Hans Austenfeld (Lehrer), Karl-Theo Pl\u00f6ger, Wolfgang Alewelt, Michael Ander, Heinz Wapelhorst, Herbert Fritzenk\u00f6tter (Klassenlehrer)<\/p>\t\t\t\t\t\t\t\t<\/div>\n\t\t\t\t<\/div>\n\t\t\t\t\t<\/div>\n\t\t<\/div>\n\t\t\t\t\t<\/div>\n\t\t<\/section>\n\t\t\t\t<section class=\"elementor-section elementor-top-section elementor-element elementor-element-533593e elementor-section-boxed elementor-section-height-default elementor-section-height-default\" data-id=\"533593e\" data-element_type=\"section\" data-e-type=\"section\">\n\t\t\t\t\t\t<div class=\"elementor-container elementor-column-gap-default\">\n\t\t\t\t\t<div class=\"elementor-column elementor-col-100 elementor-top-column elementor-element elementor-element-01e9d97\" data-id=\"01e9d97\" data-element_type=\"column\" data-e-type=\"column\">\n\t\t\t<div class=\"elementor-widget-wrap elementor-element-populated\">\n\t\t\t\t\t\t<div class=\"elementor-element elementor-element-c3c8ce8 elementor-widget elementor-widget-image\" data-id=\"c3c8ce8\" data-element_type=\"widget\" data-e-type=\"widget\" data-widget_type=\"image.default\">\n\t\t\t\t<div class=\"elementor-widget-container\">\n\t\t\t\t\t\t\t\t\t\t\t\t<figure class=\"wp-caption\">\n\t\t\t\t\t\t\t\t\t\t<img decoding=\"async\" width=\"1024\" height=\"768\" src=\"https:\/\/reismann.de\/wp-content\/uploads\/2022\/11\/2013_1g-1024x768.jpg\" class=\"attachment-large size-large wp-image-2216\" alt=\"\" srcset=\"https:\/\/reismann.de\/wp-content\/uploads\/2022\/11\/2013_1g-1024x768.jpg 1024w, https:\/\/reismann.de\/wp-content\/uploads\/2022\/11\/2013_1g-300x225.jpg 300w, https:\/\/reismann.de\/wp-content\/uploads\/2022\/11\/2013_1g-768x576.jpg 768w, https:\/\/reismann.de\/wp-content\/uploads\/2022\/11\/2013_1g.jpg 1440w\" sizes=\"(max-width: 1024px) 100vw, 1024px\" \/>\t\t\t\t\t\t\t\t\t\t\t<figcaption class=\"widget-image-caption wp-caption-text\">Im alten Physiksaal<\/figcaption>\n\t\t\t\t\t\t\t\t\t\t<\/figure>\n\t\t\t\t\t\t\t\t\t<\/div>\n\t\t\t\t<\/div>\n\t\t\t\t<div class=\"elementor-element elementor-element-f372dad elementor-widget elementor-widget-text-editor\" data-id=\"f372dad\" data-element_type=\"widget\" data-e-type=\"widget\" data-widget_type=\"text-editor.default\">\n\t\t\t\t<div class=\"elementor-widget-container\">\n\t\t\t\t\t\t\t\t\t<p>Genau vor 50 Jahren, am 9. M\u00e4rz 1963, fand die Abitur-Entlassungsfeier der Klasse OIm im Reismann-Gymnasium statt.<\/p><p>Elf der ehemaligen Sch\u00fcler trafen sich jetzt an gleicher Stelle wieder. Als besonders erfreulich empfanden es die mittlerweile gereiften Herren, dass an dem Wiedersehen ihre beiden ehemaligen Lehrer Herbert Fritzenk\u00f6tter und Hans Austenfeld teilnehmen konnten.<br \/>Die beiden Fotos zeigen die Klasse mit den beiden Lehrern &#8211; &#8222;nur&#8220; unterschiedlich gekleidet &#8211; am 9. M\u00e4rz 2013 und 9. M\u00e4rz 1963.<\/p>\t\t\t\t\t\t\t\t<\/div>\n\t\t\t\t<\/div>\n\t\t\t\t\t<\/div>\n\t\t<\/div>\n\t\t\t\t\t<\/div>\n\t\t<\/section>\n\t\t\t\t<\/div>\n\t\t","protected":false},"excerpt":{"rendered":"<p>Jahrgang 1963 Jahrgang 1963 OIm Alewelt, WolfgangAnder, Michael\u00a0Brummel, Hans-Peter\u00a0Buschmeyer, Volker\u00a0Dirksmeyer, AntonGrotheguth, HermannHengst, Hans-PeterKramer, PaulL\u00fccke, RolandMathias, WolfgangM\u00fcller, FriedhelmPl\u00f6ger, Karl-TheoSchlutow, HansSchmidt, Udo Jahrgang 1963 OIs1\/2\u00a0 Ahlers, PeterAlgermissen, HeinzBachmann, ThomasBechthold, DietmarBeinig, BerndBlome, FriedrichBonzel, TassiloCremer, IngoFriedrich, HaraldGebauer, Heinz-PeterGroeben, NorbertHesse, BrunoHoffmann, ManfredH\u00fclsmann, HelmutH\u00fcsing, Rolf \u00a0 Klein, FerdinandKristkoizt, UweK\u00fchn, EdgarLaas, HennerMartini, ReinhardM\u00fcller, WolfgangPetersen, PeterR\u00fcsing, FranzSalmen, RudolfSchl\u00fcter, RolfSchneeberg, HorstStecher, LambertStrake, G\u00fcnther\u00a0W\u00e4chter, Udo [&hellip;]<\/p>\n","protected":false},"author":2,"featured_media":0,"parent":0,"menu_order":0,"comment_status":"closed","ping_status":"closed","template":"","meta":{"ocean_post_layout":"","ocean_both_sidebars_style":"","ocean_both_sidebars_content_width":0,"ocean_both_sidebars_sidebars_width":0,"ocean_sidebar":"0","ocean_second_sidebar":"0","ocean_disable_margins":"enable","ocean_add_body_class":"","ocean_shortcode_before_top_bar":"","ocean_shortcode_after_top_bar":"","ocean_shortcode_before_header":"","ocean_shortcode_after_header":"","ocean_has_shortcode":"","ocean_shortcode_after_title":"","ocean_shortcode_before_footer_widgets":"","ocean_shortcode_after_footer_widgets":"","ocean_shortcode_before_footer_bottom":"","ocean_shortcode_after_footer_bottom":"","ocean_display_top_bar":"default","ocean_display_header":"default","ocean_header_style":"","ocean_center_header_left_menu":"0","ocean_custom_header_template":"0","ocean_custom_logo":0,"ocean_custom_retina_logo":0,"ocean_custom_logo_max_width":0,"ocean_custom_logo_tablet_max_width":0,"ocean_custom_logo_mobile_max_width":0,"ocean_custom_logo_max_height":0,"ocean_custom_logo_tablet_max_height":0,"ocean_custom_logo_mobile_max_height":0,"ocean_header_custom_menu":"0","ocean_menu_typo_font_family":"0","ocean_menu_typo_font_subset":"","ocean_menu_typo_font_size":0,"ocean_menu_typo_font_size_tablet":0,"ocean_menu_typo_font_size_mobile":0,"ocean_menu_typo_font_size_unit":"px","ocean_menu_typo_font_weight":"","ocean_menu_typo_font_weight_tablet":"","ocean_menu_typo_font_weight_mobile":"","ocean_menu_typo_transform":"","ocean_menu_typo_transform_tablet":"","ocean_menu_typo_transform_mobile":"","ocean_menu_typo_line_height":0,"ocean_menu_typo_line_height_tablet":0,"ocean_menu_typo_line_height_mobile":0,"ocean_menu_typo_line_height_unit":"","ocean_menu_typo_spacing":0,"ocean_menu_typo_spacing_tablet":0,"ocean_menu_typo_spacing_mobile":0,"ocean_menu_typo_spacing_unit":"","ocean_menu_link_color":"","ocean_menu_link_color_hover":"","ocean_menu_link_color_active":"","ocean_menu_link_background":"","ocean_menu_link_hover_background":"","ocean_menu_link_active_background":"","ocean_menu_social_links_bg":"","ocean_menu_social_hover_links_bg":"","ocean_menu_social_links_color":"","ocean_menu_social_hover_links_color":"","ocean_disable_title":"default","ocean_disable_heading":"default","ocean_post_title":"","ocean_post_subheading":"","ocean_post_title_style":"","ocean_post_title_background_color":"","ocean_post_title_background":0,"ocean_post_title_bg_image_position":"","ocean_post_title_bg_image_attachment":"","ocean_post_title_bg_image_repeat":"","ocean_post_title_bg_image_size":"","ocean_post_title_height":0,"ocean_post_title_bg_overlay":0.5,"ocean_post_title_bg_overlay_color":"","ocean_disable_breadcrumbs":"default","ocean_breadcrumbs_color":"","ocean_breadcrumbs_separator_color":"","ocean_breadcrumbs_links_color":"","ocean_breadcrumbs_links_hover_color":"","ocean_display_footer_widgets":"default","ocean_display_footer_bottom":"default","ocean_custom_footer_template":"0","footnotes":""},"class_list":["post-2209","page","type-page","status-publish","hentry","entry"],"jetpack_sharing_enabled":true,"_links":{"self":[{"href":"https:\/\/reismann.de\/index.php?rest_route=\/wp\/v2\/pages\/2209","targetHints":{"allow":["GET"]}}],"collection":[{"href":"https:\/\/reismann.de\/index.php?rest_route=\/wp\/v2\/pages"}],"about":[{"href":"https:\/\/reismann.de\/index.php?rest_route=\/wp\/v2\/types\/page"}],"author":[{"embeddable":true,"href":"https:\/\/reismann.de\/index.php?rest_route=\/wp\/v2\/users\/2"}],"replies":[{"embeddable":true,"href":"https:\/\/reismann.de\/index.php?rest_route=%2Fwp%2Fv2%2Fcomments&post=2209"}],"version-history":[{"count":13,"href":"https:\/\/reismann.de\/index.php?rest_route=\/wp\/v2\/pages\/2209\/revisions"}],"predecessor-version":[{"id":2871,"href":"https:\/\/reismann.de\/index.php?rest_route=\/wp\/v2\/pages\/2209\/revisions\/2871"}],"wp:attachment":[{"href":"https:\/\/reismann.de\/index.php?rest_route=%2Fwp%2Fv2%2Fmedia&parent=2209"}],"curies":[{"name":"wp","href":"https:\/\/api.w.org\/{rel}","templated":true}]}}